(s) = 10*s**2 + 162*s - 5104. What are the prime factors of t(-91)?
2, 3, 11, 53
Let m(t) = t**3 - 9*t + 6. Let p be m(3). What are the prime factors of -1 + 84*(-5 + p)?
83
Suppose 4*f + 8 = -4*x, -3*x + f = -2*x + 2. Let d be (x - 15/(-9))/((-3)/(-711)). Let b = d + 183. What are the prime factors of b?
2, 13
Let i(d) = -3*d**3 - 13*d**2 - 56*d - 54. Let h(l) = -2*l**3 - 7*l**2 - 28*l - 27. Let w(s) = -5*h(s) + 3*i(s). What are the prime factors of w(8)?
5
List the prime factors of (-245)/(-196)*(-2156080)/(-50).
2, 26951
Let x(n) = -6*n**2 + 1. Let c be x(1). Let y(r) = 3 - 3 + 0 + 4 - 11*r + 6. What are the prime factors of y(c)?
5, 13
Let y be (-3)/(-2)*(-42)/9. Let b(r) = -73 + 19*r - 62 + 5*r**2 + 151. What are the prime factors of b(y)?
2
Suppose -2*s - 141 + 5 = 0. Let h = 53 + s. List the prime factors of (-150)/(h/5) - -4.
2, 3
Suppose -4*s + 0*s + 64 = -2*a, 4*a - 42 = -2*s. Suppose 0 = 3*l + 5*n - 4380, 0 = 2*l + 19*n - s*n - 2916. What are the prime factors of l?
3, 5, 97
Let b(y) be the third derivative of y**6/120 + 19*y**5/60 - 15*y**4/8 - 11*y**3/3 - 14*y**2. List the prime factors of b(-21).
41
Suppose 68*d + 57*d - 150*d + 491775 = 0. List the prime factors of d.
3, 79, 83
Suppose 2*p - 2*y + 252 = 0, 3*p + 186 + 190 = 2*y. Let o = p - -392. What are the prime factors of o?
2, 67
Suppose i = -2*i - 27. Let f(j) = -7*j**2 + 13*j + 12. Let w(n) = -4*n**2 - n - 2. Let k(h) = -f(h) + 2*w(h). What are the prime factors of k(i)?
2, 19
Let m(y) = 45*y**2 + 13*y + 161. What are the prime factors of m(12)?
7, 971
Let a(q) = 37*q - 19. Let o be a(6). Suppose -2*p - 7*i + 2*i = -o, -2*p - i = -199. Suppose 98*s = p*s - 8. What are the prime factors of s?
2
Let p(b) = 3*b**2 - 8*b + 14. Let v(z) = -z**2 - 3*z + 6. Let o be v(-3). Suppose -g - 35 = -o*g. List the prime factors of p(g).
3, 5, 7
Let n = 11012 - 7673. What are the prime factors of n?
3, 7, 53
Let x be (24 - 7) + 1/1. Let y(p) = -p**2 + 6 + 28*p - 12 + x + 24. List the prime factors of y(25).
3, 37
Suppose 17*v - 181019 = -16238. What are the prime factors of v?
3, 359
Suppose -3*b + 2056 = -398. What are the prime factors of b?
2, 409
What are the prime factors of ((-162)/(-270)*(-445)/(-6))/((-2)/(-1068))?
3, 89
Suppose 0 = -5*c - 3*j - 2*j + 40, 5*c - 4*j - 49 = 0. Let f be 1/(27/(-6)) + 1055/c. Suppose 0*v - 3*s = 4*v - 119, -4*v + f = s. List the prime factors of v.
29
What are the prime factors of 11/(-715)*-26 - 7343/(-5)?
13, 113
What are the prime factors of 183994005/2915 - 28/(-22)?
17, 47, 79
Let h be 540/(-225)*5*1. List the prime factors of -4 + 8 - 106*54/h.
13, 37
What are the prime factors of ((-10236)/7)/(-1 + 185/259)?
2, 3, 853
Let q = -6891 + 18142. List the prime factors of q.
11251
Suppose 22*c = -10*c + 76864. List the prime factors of c.
2, 1201
Suppose 5*s + 564 = 669. Suppose s*x - 10194 = 11709. What are the prime factors of x?
7, 149
What are the prime factors of 8 + ((-6129)/6)/(6/(-36))?
17, 19
Suppose a + 7*t - 5*t = 27322, -3*a - 5*t = -81970. What are the prime factors of a?
2, 3, 5, 911
Suppose 7*j = -1124 - 584. Suppose -4*u - 5*w - 22 = 1, 3*u + 18 = -4*w. List the prime factors of (-1)/(u - 484/j).
61
Suppose 2*r - 26 = 5*l - 1, r = 3*l + 14. What are the prime factors of (20/(-40))/(l/2022)?
337
Let n be 110*(1 + 1 - (-40)/(-16)). Let t = -44 - n. Suppose -i + 77 = -t. List the prime factors of i.
2, 11
Suppose -7*t + 12*t - 75 = 0. Suppose t = k + 19. What are the prime factors of 3 - 3 - -14 - k?
2, 3
Let g = -26473 - -40237. List the prime factors of g.
2, 3, 31, 37
What are the prime factors of -12 + 2528 + 10 - 6?
2, 3, 5, 7
Let p(y) = -3*y + 12. Let d be p(7). Let v be (-3)/(d/(-177)) + -3. Let f = v + 110. What are the prime factors of f?
2, 3
Let a(y) = -180*y**3 - 70*y**2 + y. List the prime factors of a(-7).
7, 8329
Suppose 0 = -165*c - 26*c + 11695312. List the prime factors of c.
2, 43, 89
Suppose 11*p - 12*p - 3*n - 13 = 0, -3*p - 14 = 4*n. Suppose -237 - 303 = -2*x + 3*m, 538 = p*x - 2*m. What are the prime factors of x?
3, 89
Suppose 2*h - 4098 = -2*t, -5*h + 15*t + 10218 = 11*t. List the prime factors of h.
2, 3, 11, 31
Suppose -2*c - 60 = -68. Suppose -4*d + 2*d + c*m = -680, -3*d = -2*m - 1020. What are the prime factors of d?
2, 5, 17
Let h(d) = 32*d**2 - 77*d - 13. List the prime factors of h(9).
2, 23, 41
Let p be (-75)/(-150) + 2226/4 + 1. Suppose 1128*c - 1125*c = p. What are the prime factors of c?
2, 3, 31
Let a be (16/(-3))/8 + 1258/6. Suppose 0 = -n - 4*w - 47, 4*n - 4*w = -n - 331. Let p = n + a. What are the prime factors of p?
2, 73
Let d = -6451 - -27416. List the prime factors of d.
5, 7, 599
Suppose 73*x - 71*x = 5*i + 11779, -x + 5880 = 7*i. What are the prime factors of x?
7, 29
Let o(v) = v**2 + 6*v + 8. Let a be o(-4). Suppose a = 14*l - 7 - 35. What are the prime factors of 25/l - (-8)/(-24)?
2
Let r(f) = f**3 - 9*f**2 + 11*f + 6. Let p be r(12). Suppose 18*n - p = 15*n. Suppose 5*c - 530 = -n. What are the prime factors of c?
2, 17
Let n(m) = -10*m + 7. Let l(r) = -72*r + 50. Let f(i) = -6*l(i) + 44*n(i). Suppose 2*d + 27 = 3. List the prime factors of f(d).
2, 13
Let x = -17144 - -27034. Suppose x - 1565 = 15*n. What are the prime factors of n?
3, 5, 37
Let l = -39 - -137. Let b = l + 403. List the prime factors of b.
3, 167
Suppose -191*q - 110229 = -212*q. What are the prime factors of q?
29, 181
Let d be 8/6 + 190624/(-138). Let i = -504 - d. What are the prime factors of i?
2, 3, 73
Let q(y) = 15*y + y**2 + 6 - 3*y + 4*y. Let a be q(-20). Let d = a - 21. List the prime factors of d.
5, 13
Let r be 8/(-4)*1 + 4. Let z(x) = -215*x**2 - 6*x - 12. Let y be z(-2). What are the prime factors of r/3 + y/(-6)?
2, 3
Suppose 2*b + 61024 = 9*b - 90351. List the prime factors of b.
5, 173
Suppose -3*y = 3*q - 38790, 26584 = 5*q - y - 38078. What are the prime factors of q?
2, 53, 61
Suppose -o + 5*y + 2 = 23, 7 = -2*o + 3*y. Suppose 486 = o*q - 502. What are the prime factors of q?
13, 19
Suppose 119*v - 4261988 = 3913091 - 3316190. List the prime factors of v.
7, 19, 307
Suppose 6*c + 5*a = c + 10, -3*c - 4*a = -2. What are the prime factors of 4106/8 - 5/((-40)/c)?
2, 257
Suppose 0 = -s - 1, -5*v - 1 - 1 = 2*s. Suppose -3*q + v*q = -2460. List the prime factors of q.
2, 5, 41
Suppose -u - 6*u = -28. Let i be -1 - (-4 + u + -1). What are the prime factors of (-192)/(-3) + (-3)/(-1) + i?
67
Let o = 12913 + -5878. What are the prime factors of o?
3, 5, 7, 67
Let y = 25441 - 11669. What are the prime factors of y?
2, 11, 313
Let q be (5/(-15))/(1/(-9)). Suppose -2*u + 3*b = -20, q*u + 6*b = 3*b. Suppose 0 = 4*n + 5*l - 144 - 40, 239 = 5*n + u*l. What are the prime factors of n?
3, 17
Suppose 5*r = -682 - 303. Let z be (-2)/((-2)/(-1)*1/r). Suppose 6*k + 65 = z. What are the prime factors of k?
2, 11
Suppose -p = -3*c - 11, 2*c - 3*c - 6 = 2*p. Let z(u) = 17*u - 896. Let v be z(53). What are the prime factors of v + p - -1*74?
2, 3, 13
Suppose -h - 340 = 5*r, 2*h + 4*r + 711 = 7. Let o = -190 - h. List the prime factors of o.
2, 5, 17
Let v(r) = -85*r - 33. Let x = -95 + 91. What are the prime factors of v(x)?
307
Suppose -2*r - 5*k + 15445 = 2950, r = 3*k + 6231. List the prime factors of r.
2, 3, 5, 13
Let y = 9250 + -5321. What are the prime factors of y?
3929
Let q(b) = 11836*b - 412. What are the prime factors of q(1)?
2, 3, 7, 17
Let m(d) = 7179*d**2 - 22*d - 23. What are the prime factors of m(-1)?
2, 37, 97
Let r = 1545 + 6771. List the prime factors of r.
2, 3, 7, 11
Let h = 131 - 131. Suppose 7*v - 13*v + 2472 = h. List the prime factors of v.
2, 103
Suppose 843*j + 16 = 847*j. Suppose -4*y + 5*y = j*m - 438, m - 108 = y. List the prime factors of m.
2, 5, 11
What are the prime factors of 321284/8 + 4/8 + -9?
2, 3, 7, 239
Let l(x) = x**3 - x**2 + 3*x - 573. Let c be l(0). Let u = c - -646. What are the prime factors of u?
73
Let h = 162839 - 115111. List the prime factors of h.
2, 19, 157
Suppose 55 = 5*i + 5*k, -2*k + 70 - 9 = 5*i. Suppose -i*c - 4258 = -11655. What are the prime factors of c?
569
Let x be (6/30)/((-2)/(-50)). Suppose -1 = g - x. Suppose -2*s + 6*s = -4, 0 = y + g*s - 66. List the prime factors of y.
2, 5, 7
Let t = -421 + 182. Let w = t + 516. What are the prime factors of 